 7 - (-3 + 10 + 1 + -3).
-12
15 + (-19 - -17) + (6 + -11 - -3)
11
Calculate -8 + (-1 - (-2 + 11) - -8).
-10
What is the value of 8 + (9 - 3) + -27?
-13
Calculate (4 - (-2 + 3 + 7)) + -66 + 62.
-8
What is (28 - -6) + -48 + (11 - 2)?
-5
What is the value of -3 + 18 + (3 - 0) + -2 + -6?
10
What is the value of 3 + -18 - (-16 - 5)?
6
What is 3 - 9 - (-6 - -4 - -1)?
-5
What is 329 - 325 - (0 + -15)?
19
What is the value of 42 + -48 - (-4 + (-3 - 1))?
2
What is the value of (-1 - -6) + -7 + 24 + 3?
25
What is the value of 45 - (-3 + 10 + (-5 + 10 - 7))?
40
What is the value of 22 - 30 - (-3 + -1 - 1)?
-3
-9 - (-2 - (3 + -2 + -4))
-10
Evaluate (-6 - 2) + 4 + -29 + 26.
-7
Calculate 9 + (-17 - (-39 - -14)).
17
0 + 10 + -3 + (25 - 21)
11
Evaluate (2 - 12) + -5 - (47 - 52).
-10
Evaluate 11 + (9 + 8 - 16).
12
What is (2 - 21) + -1 + 17?
-3
Evaluate 21 - (-8 - -36) - -11.
4
What is 3 - (-92 + 102 + (0 - -7))?
-14
Evaluate -1 + 4 + 23 + -39 + 9 - 17.
-21
What is 50 + -29 + -4 - -12?
29
Evaluate 1 - -1 - (-5 + 25 + -28).
10
(-44 - -18 - -61) + -17
18
Calculate 6 + -6 + (5 - 1).
4
Calculate 6 + (-35 - -24 - -4).
-1
What is 6 + -1 + -11 + 6 + -6?
-6
-5 + (23 + 1 - 15)
4
What is -18 + (47 - -6) - 22?
13
What is the value of 1 + 5 + -12 + (0 - -19)?
13
What is the value of 7 - (-4 + 11 - (-10 - -27) - -8)?
9
(11 - 9) + (-15 - -16)
3
What is the value of -5 + 8 + -12 - (6 + -1)?
-14
What is -7 - 0 - (-11 + 11 + 8 - 6)?
-9
Evaluate -31 + -13 - (12 + -31).
-25
(-5 - -2) + -5 + (3 - (-1 + 9))
-13
What is the value of -8 - (2 - (-8 - 8))?
-26
Calculate -18 - (-36 + -1 + 13).
6
Evaluate -4 + (-1 - 1 - 3) + -7.
-16
Evaluate -2 - (-6 - (8 + -19)) - 6 - -8.
-5
What is the value of (2 - (-2 - (-5 - (6 - 3)))) + -10?
-14
What is -361 + 366 - ((0 - (0 + -1)) + -1)?
5
Evaluate (5 - (-2 + 14)) + 2 + (13 - 9).
-1
What is the value of 21 + 4 + -14 + (-3 - -2)?
10
What is 10 + 2 + (-23 - -17 - -6)?
12
Calculate 7 - 13 - (-5 + 10 + (-6 - -5)).
-10
Evaluate (-7 - -25) + 4 + 1 + -2 + 3.
24
Evaluate -3 + (-8 - -6) + 11 + (-13 - -8).
1
What is 6 + (5 - (3 + (-7 - 2)))?
17
Evaluate -50 + 68 + 3 + -8 + 2.
15
Calculate -16 - (-10 - (29 + -14)).
9
What is the value of (-7 - (-10 + 30)) + 9 + 2 - 5?
-21
What is the value of 5 + 35 + -8 + -56?
-24
What is the value of 2 + -2 + -20 - (-714 + 717) - 5?
-28
-12 + 12 + (5 - 4) + -7
-6
Evaluate -19 + -26 + 94 + -39.
10
Calculate -3 + 11 - (9 + -9).
8
Calculate -1 + 7 - (-1 - -3 - 7).
11
(4 - -1) + -14 + -1 + 20 - 30
-20
What is the value of 6 + (20 - 31) + -8 + 1?
-12
What is 5 - (-6 + (17 - 11)) - (2 + -12)?
15
Calculate 0 + 11 + (32 - 65).
-22
What is (-21 - 2) + 16 - (1 + (-3 - -1))?
-6
What is -13 + -24 + (-14 - -50)?
-1
Calculate (-65 + 126 - 49) + (2 - 2) + -4.
8
Evaluate 3 - ((2 - -20) + -33).
14
What is the value of -2 - -24 - -4 - (-5 - -15)?
16
-5 - ((-26 - -7) + 6 + 3)
5
What is 14 + (19 + (-3 + 1 - 8) - 9)?
14
-4 + 15 + -8 - (-3 + 1 - -17)
-12
Evaluate -7 - (-23 - (-29 + 16)).
3
Evaluate (-12 - (-1 - -2)) + (-11 - (10 + -26)).
-8
What is (21 - 22) + -22 - -19?
-4
Calculate -22 + 15 + 31 - 8.
16
Evaluate 3 - -2 - -4 - 9 - (-1 + 10).
-9
Calculate (-18 - -19 - -1) + (2 - -6).
10
-39 - (1 + -10 + 2) - -3
-29
Evaluate 161 + -132 + 7 + -10 + 13.
39
Calculate -7 + -13 + 8 + (11 - -5).
4
What is the value of 15 + (3 - 10 - -2)?
10
What is -7 + 10 + 3 - 9 - -3?
0
-6 + 3 - ((-2 - 3) + -3)
5
What is (-7 + 12 - 11) + (-7 - -2) + 11?
0
8 - ((-1 - -17) + (-53 - -51))
-6
Evaluate -4 + -8 - (-30 + 12).
6
Calculate 7 + (3 - -1) - (-6 + 28).
-11
Evaluate -6 - ((-15 - 11) + 11 + -3 + 0).
12
What is -51 + 45 - (-14 - -3)?
5
What is -151 + 173 + (-9 - (1 - 2))?
14
What is the value of 16 + -38 - (0 + -11)?
-11
Calculate (5 - -23 - (1 + -2)) + 93 + -101.
21
3 + 0 + (-3 - -2) + -13 + 13
2
Evaluate (-22 - -11 - (-3 - -22)) + 12.
-18
What is 0 + (-1 - -2 - (7 + 3 + -11))?
2
3 + (-1 - -9) - (-2 - -5)
8
What is 1 - 8 - (-94 + 77)?
10
What is the value of 683 + -666 - (37 + (1 - 1))?
-20
Calculate (-46 - -29) + (9 - (27 + -8)).
-27
What is the value of (32 - 0) + 242 + -257 - (4 - 0)?
13
What is (7 + -4 - 4) + -4 + (-13 - -9)?
-9
-8 + 4 - (1 - ((-5 - 1) + 1))
-10
What is the value of (-35 - -32) + 1 + 18?
16
Evaluate 23 + (-1 - 13) + 6 + 0 - 2.
13
Evaluate -2 + -4 - (127 + -148 + 0 + 13).
2
What is (-834 - -833) + 3 + (8 - (0 - 0))?
10
367 + -362 + 1 + -14 + 1 + 0
-7
(-35 - -47) + (4 - 14)
2
(25 + -12 - 9) + -10 + (-2 - -22)
14
What is -13 + 7 - (8 - -1)?
-15
-366 - -379 - (2 + -3 + -1 + 2)
13
What is the value of 17 - (0 - -18) - -6?
5
What is the value of (-4 - -11) + 9 + 6 + (-9 - -2)?
15
Evaluate 54 + -56 - (-13 + -4).
15
Calculate 37 - (-6 + 55 + -22).
10
Evaluate (-11 - -32) + -39 + 12.
-6
What is (-2 - (1 + 26 + -1)) + (-276 - -280)?
-24
Calculate (1 - -48) + 4 + -27.
26
What is 5 + -2 + -1 + (-13 + 39 - 0)?
28
What is -8 + 52 - 22 - (-4 + 17)?
9
Calculate 0 + (10 - (41 + -49)).
18
What is -2 - 16 - ((40 - 3) + -36)?
-19
What is the value of -12 + 3 - (11 - 4) - 1?
-17
-19 + 4 + 0 - -23
8
16 + 15 + -15 + -9
7
Evaluate 11 - 3 - (23 + -30).
15
What is 2 - (-3 + -7 - -1)?
11
Calculate 19 - (-10 - -47) - -9.
-9
Evaluate 4 + 3 - (16 - (-5 - -13)).
-1
What is the value of (-1 - (1 + -25)) + 1471 + -1476?
18
Evaluate -5 + (-7 - (-1 - 6)) + 18.
13
Calculate -2 - 2 - (-8 + (-19 - -44) + -14).
-7
Calculate 23 + (41 - 30 - 32).
2
What is the value of 118 + -124 - (0 + -3) - -9?
6
Calculate 0 + -12 + -2 + 14 - (2 - 0).
-2
What is 27 - (-4 - -40) - (-1 + 0)?
-8
Calculate 10 - -6 - 13 - -6.
9
What is 10 + (-30 - -14) - 3?
-9
-6 + 20 - (1 - -4 - 8)
17
Calculate 11 + 13 + -8 + -20 + (0 - -22).
18
Evaluate -1 + -17 + 7 - (4 - 5 - 5).
-5
-28 - (5 + (5 + -14 - -5) - 1)
-28
Calculate -33 - (8 + (-9 - 16) + 13).
-29
What is the value of -16 + -12 + 18 + 31?
21
What is the value of (12 - (14 + -6)) + (-1 - (-4 + 0))?
7
Calculate (1 - 8 - (75 - 91)) + -11.
-2
What is the value of -16 + 14 + 5 + 15 + -6?
12
Calculate (5 - (2 + 8) - (0 - -8)) + 0.
-13
What is the value of 14 + (-5 - -11) + (1 - 11)?
10
Evaluate -29 + 20 - (-20 + 29).
-18
What is -29 - -65 - (4 + 13)?
19
What is -5 - (-38 - (17 + -51))?
-1
-12 + 10 + (-23 - -9) + -1 + 8
-9
Evaluate -22 + 15 + 20 + 4.
17
Calculate 4 - (-40 - (-2 - 21)).
21
What is 13 + -20 + (30 - 11) + 3?
15
What is ((-15 - 0) + 5 - 5) + 4?
-11
What is the value of -44 - -42 - (-3 - 0 - 1)?
2
What is the value of -8 + -1 + 7 + (7 - 7) + -10?
-12
Evaluate -8 - (9 + (-8 - -6)) - -3.
-12
Calculate -14 + 14 + -15 + 9.
-6
What is -35 - (-28 - (31 + -30))?
-6
-28 + (-5 - -15) - 5 - -8
-15
Calculate 49 + -26 + -29 - (1 - -1).
-8
Calculate 24 - 20 - (5 + -11 + 33).
-23
-8 + 3 + (-4 - 12) + 14
-7
10 - 10 - 8 - 0
-8
-15 + -2 - (99 + -122)
6
What is the value of -14 + 5 - (-9 + 5 + -6 + 5)?
-4
What is the value of (1 - -3 - -1) + (-257 - -222)?
-30
What is 14 + (6 - 48) - -18?
-10
Evaluate -20 + 0 - (-738 + 720).
-2
Evaluate -12 + 5 + 3 + -11.
-15
Evaluate 1 - 5 - (-99 - -108 - (28 + -1)).
14
Evaluate 6 - 8 - (-24 + 20).
2
What is the value of (-1 + -3 - -1) + -6 + 39 + -20?
10
Evaluate -36 + (19 - 8) + (-1 - -11).
-15
What is (-5 - -1) + -8 + 0 + 9?
-3
What is the value of -23 + 1 + (75 - 62) - -37?
28
What is -16 - (-23 - -3) - (24 + 1) - -7?
-14
What is the value of (-4 - (-5 - (11 + -1)) - 36) + 0?
-25
Calculate -3 + (-1 - 1) - (-3 + 1) - 4.
-7
What is the value of -1 + (-5 - -10) - (53 - 41)?
-8
What is -16 + 10 + 27 - 8?
13
What is -10 + 8 + 2 + -11 + -4?
-15
Calculate ((0 - -1) + 21 - (-431 - -437)) + -6.
10
What is (18 - -1) + (-3957 - -3930)?
-8
Evaluate (-13 - 0) + 15 + 3 + -17.
-12
What is the value of -73 + 70 + -9 + 3?
-9
What is the value of (3 - (4 - (-1 - -28))) + (60 - 64)?
22
What is the value of 5 + (-3 + 7 + -7 - -2)?
4
Calculate 124 + -108 - (-2 + 2 + 7 + -2).
11
Calculate 3 + (-11 - ((-7 - -10) + -6)) + 33.
28
What is the value of -13 + 7 + (-1 - 1 - 4)?
-12
What is the value of (1 + -2 - 2) + (5 - 12) - -7?
-3
Evaluate (-51 - -71) + (6 - 5).
21
Evaluate (26 - (4 + 11)) + -18.
-7
What is the value of 1 + -55 - (47 - (-35 - -101))?
-35
Evaluate (20 - 12 - -1) + (3 - 20).
-8
Calculate (2 - 0) + (0 - -1) + (-5 - -2).
0
What is ((3 - 9) + 1 - -1) + 10?
6
Calculate 3 - (-8 - (-15 - -1)).
-3
Calculate (-8 - -2) + -21 + -12 + 61.
22
Wha